{"id":47,"date":"2020-03-20T21:31:13","date_gmt":"2020-03-20T20:31:13","guid":{"rendered":"http:\/\/ateliers.blopinterjection.com\/?page_id=47"},"modified":"2025-09-16T11:17:18","modified_gmt":"2025-09-16T09:17:18","slug":"atelier-floirac","status":"publish","type":"page","link":"https:\/\/cdansnoscordes.net\/index.php\/ateliers-theatre-2\/atelier-floirac\/","title":{"rendered":"Ateliers th\u00e9\u00e2tre Floirac"},"content":{"rendered":"\t\t<div data-elementor-type=\"wp-page\" data-elementor-id=\"47\" class=\"elementor elementor-47\">\n\t\t\t\t\t\t<section class=\"elementor-section elementor-top-section elementor-element elementor-element-24139cb3 elementor-section-full_width elementor-section-height-default elementor-section-height-default\" data-id=\"24139cb3\" data-element_type=\"section\" data-settings=\"{&quot;background_background&quot;:&quot;slideshow&quot;,&quot;background_slideshow_gallery&quot;:[],&quot;background_slideshow_loop&quot;:&quot;yes&quot;,&quot;background_slideshow_slide_duration&quot;:5000,&quot;background_slideshow_slide_transition&quot;:&quot;fade&quot;,&quot;background_slideshow_transition_duration&quot;:500}\">\n\t\t\t\t\t\t<div class=\"elementor-container elementor-column-gap-extended\">\n\t\t\t\t\t<div class=\"elementor-column elementor-col-50 elementor-top-column elementor-element elementor-element-2fa2b30f\" data-id=\"2fa2b30f\" data-element_type=\"column\">\n\t\t\t<div class=\"elementor-widget-wrap elementor-element-populated\">\n\t\t\t\t\t\t<div class=\"elementor-element elementor-element-307d30f4 elementor-widget elementor-widget-image\" data-id=\"307d30f4\" data-element_type=\"widget\" data-settings=\"{&quot;_animation&quot;:&quot;none&quot;}\" data-widget_type=\"image.default\">\n\t\t\t\t<div class=\"elementor-widget-container\">\n\t\t\t<style>\/*! elementor - v3.23.0 - 05-08-2024 *\/\n.elementor-widget-image{text-align:center}.elementor-widget-image a{display:inline-block}.elementor-widget-image a img[src$=\".svg\"]{width:48px}.elementor-widget-image img{vertical-align:middle;display:inline-block}<\/style>\t\t\t\t\t\t\t<figure class=\"wp-caption\">\n\t\t\t\t\t\t\t\t\t\t\t<a href=\"https:\/\/cdansnoscordes.net\/index.php\/ateliers-theatre-2\/\">\n\t\t\t\t\t\t\t<img fetchpriority=\"high\" decoding=\"async\" width=\"750\" height=\"268\" src=\"https:\/\/cdansnoscordes.net\/wp-content\/uploads\/2022\/07\/atlier-floirac-diapo-1024x366-1.jpg\" class=\"elementor-animation-grow attachment-large size-large wp-image-415\" alt=\"\" srcset=\"https:\/\/cdansnoscordes.net\/wp-content\/uploads\/2022\/07\/atlier-floirac-diapo-1024x366-1.jpg 1024w, https:\/\/cdansnoscordes.net\/wp-content\/uploads\/2022\/07\/atlier-floirac-diapo-1024x366-1-300x107.jpg 300w, https:\/\/cdansnoscordes.net\/wp-content\/uploads\/2022\/07\/atlier-floirac-diapo-1024x366-1-768x275.jpg 768w\" sizes=\"(max-width: 750px) 100vw, 750px\" \/>\t\t\t\t\t\t\t\t<\/a>\n\t\t\t\t\t\t\t\t\t\t\t<figcaption class=\"widget-image-caption wp-caption-text\">Ateliers th\u00e9\u00e2tre<\/figcaption>\n\t\t\t\t\t\t\t\t\t\t<\/figure>\n\t\t\t\t\t\t\t<\/div>\n\t\t\t\t<\/div>\n\t\t\t\t\t<\/div>\n\t\t<\/div>\n\t\t\t\t<div class=\"elementor-column elementor-col-50 elementor-top-column elementor-element elementor-element-7fe8e1c0\" data-id=\"7fe8e1c0\" data-element_type=\"column\">\n\t\t\t<div class=\"elementor-widget-wrap elementor-element-populated\">\n\t\t\t\t\t\t<div class=\"elementor-element elementor-element-75059af1 elementor-widget elementor-widget-image\" data-id=\"75059af1\" data-element_type=\"widget\" data-settings=\"{&quot;_animation&quot;:&quot;none&quot;}\" data-widget_type=\"image.default\">\n\t\t\t\t<div class=\"elementor-widget-container\">\n\t\t\t\t\t\t\t\t\t\t<figure class=\"wp-caption\">\n\t\t\t\t\t\t\t\t\t\t\t<a href=\"https:\/\/cdansnoscordes.net\/index.php\/ateliers-musique\/\">\n\t\t\t\t\t\t\t<img decoding=\"async\" width=\"750\" height=\"268\" src=\"https:\/\/cdansnoscordes.net\/wp-content\/uploads\/2022\/07\/barre\u0301s-diapo-1024x366-1.jpg\" class=\"elementor-animation-grow attachment-large size-large wp-image-416\" alt=\"\" srcset=\"https:\/\/cdansnoscordes.net\/wp-content\/uploads\/2022\/07\/barre\u0301s-diapo-1024x366-1.jpg 1024w, https:\/\/cdansnoscordes.net\/wp-content\/uploads\/2022\/07\/barre\u0301s-diapo-1024x366-1-300x107.jpg 300w, https:\/\/cdansnoscordes.net\/wp-content\/uploads\/2022\/07\/barre\u0301s-diapo-1024x366-1-768x275.jpg 768w\" sizes=\"(max-width: 750px) 100vw, 750px\" \/>\t\t\t\t\t\t\t\t<\/a>\n\t\t\t\t\t\t\t\t\t\t\t<figcaption class=\"widget-image-caption wp-caption-text\">Ateliers musique<\/figcaption>\n\t\t\t\t\t\t\t\t\t\t<\/figure>\n\t\t\t\t\t\t\t<\/div>\n\t\t\t\t<\/div>\n\t\t\t\t\t<\/div>\n\t\t<\/div>\n\t\t\t\t\t<\/div>\n\t\t<\/section>\n\t\t\t\t<section class=\"elementor-section elementor-top-section elementor-element elementor-element-d949ff6 elementor-section-boxed elementor-section-height-default elementor-section-height-default\" data-id=\"d949ff6\" data-element_type=\"section\">\n\t\t\t\t\t\t<div class=\"elementor-container elementor-column-gap-default\">\n\t\t\t\t\t<div class=\"elementor-column elementor-col-100 elementor-top-column elementor-element elementor-element-f3911f6\" data-id=\"f3911f6\" data-element_type=\"column\">\n\t\t\t<div class=\"elementor-widget-wrap elementor-element-populated\">\n\t\t\t\t\t\t<div class=\"elementor-element elementor-element-4c11e85 elementor-widget elementor-widget-heading\" data-id=\"4c11e85\" data-element_type=\"widget\" data-widget_type=\"heading.default\">\n\t\t\t\t<div class=\"elementor-widget-container\">\n\t\t\t<style>\/*! elementor - v3.23.0 - 05-08-2024 *\/\n.elementor-heading-title{padding:0;margin:0;line-height:1}.elementor-widget-heading .elementor-heading-title[class*=elementor-size-]>a{color:inherit;font-size:inherit;line-height:inherit}.elementor-widget-heading .elementor-heading-title.elementor-size-small{font-size:15px}.elementor-widget-heading .elementor-heading-title.elementor-size-medium{font-size:19px}.elementor-widget-heading .elementor-heading-title.elementor-size-large{font-size:29px}.elementor-widget-heading .elementor-heading-title.elementor-size-xl{font-size:39px}.elementor-widget-heading .elementor-heading-title.elementor-size-xxl{font-size:59px}<\/style><h2 class=\"elementor-heading-title elementor-size-default\">Atelier th\u00e9\u00e2tre Floirac<\/h2>\t\t<\/div>\n\t\t\t\t<\/div>\n\t\t\t\t\t<\/div>\n\t\t<\/div>\n\t\t\t\t\t<\/div>\n\t\t<\/section>\n\t\t\t\t<section class=\"elementor-section elementor-top-section elementor-element elementor-element-bafa6cb elementor-section-boxed elementor-section-height-default elementor-section-height-default\" data-id=\"bafa6cb\" data-element_type=\"section\">\n\t\t\t\t\t\t<div class=\"elementor-container elementor-column-gap-default\">\n\t\t\t\t\t<div class=\"elementor-column elementor-col-100 elementor-top-column elementor-element elementor-element-6b8c60b3\" data-id=\"6b8c60b3\" data-element_type=\"column\">\n\t\t\t<div class=\"elementor-widget-wrap elementor-element-populated\">\n\t\t\t\t\t\t<div class=\"elementor-element elementor-element-729b0ea2 elementor-widget elementor-widget-text-editor\" data-id=\"729b0ea2\" data-element_type=\"widget\" data-widget_type=\"text-editor.default\">\n\t\t\t\t<div class=\"elementor-widget-container\">\n\t\t\t<style>\/*! elementor - v3.23.0 - 05-08-2024 *\/\n.elementor-widget-text-editor.elementor-drop-cap-view-stacked .elementor-drop-cap{background-color:#69727d;color:#fff}.elementor-widget-text-editor.elementor-drop-cap-view-framed .elementor-drop-cap{color:#69727d;border:3px solid;background-color:transparent}.elementor-widget-text-editor:not(.elementor-drop-cap-view-default) .elementor-drop-cap{margin-top:8px}.elementor-widget-text-editor:not(.elementor-drop-cap-view-default) .elementor-drop-cap-letter{width:1em;height:1em}.elementor-widget-text-editor .elementor-drop-cap{float:left;text-align:center;line-height:1;font-size:50px}.elementor-widget-text-editor .elementor-drop-cap-letter{display:inline-block}<\/style>\t\t\t\t<p><!-- wp:heading {\"level\":3} --><\/p>\n<h3>Des<strong> ateliers de cr\u00e9ation th\u00e9\u00e2trale&nbsp;pour tou.te.s \u00e0 l\u2019Auditorium de l\u2019Ecole Municipale de Musique de Floirac :<\/strong><\/h3>\n<p><img decoding=\"async\" class=\"alignnone wp-image-1758\" src=\"https:\/\/cdansnoscordes.net\/wp-content\/uploads\/2025\/09\/Recto-flyer-atelier-theatre-CDNC-300x215.png\" alt=\"\" width=\"600\" height=\"431\" srcset=\"https:\/\/cdansnoscordes.net\/wp-content\/uploads\/2025\/09\/Recto-flyer-atelier-theatre-CDNC-300x215.png 300w, https:\/\/cdansnoscordes.net\/wp-content\/uploads\/2025\/09\/Recto-flyer-atelier-theatre-CDNC-768x551.png 768w, https:\/\/cdansnoscordes.net\/wp-content\/uploads\/2025\/09\/Recto-flyer-atelier-theatre-CDNC.png 827w\" sizes=\"(max-width: 600px) 100vw, 600px\" \/><\/p>\n<p><!-- \/wp:heading --><!-- wp:paragraph --><\/p>\n<p>L&#8217;Auditorium de l&#8217;\u00e9cole Municipale de Musique et de Danse de Floirac nous accueille pour la mise en \u0153uvre de plusieurs ateliers de cr\u00e9ation th\u00e9\u00e2trale. Il se situe 21 rue Voltaire, dans le Haut-Floirac, non loin de l&#8217;arr\u00eat Floirac-Dravemont, terminus de la ligne A du tramway. <a href=\"https:\/\/www.google.com\/maps\/place\/Auditorium+de+Floirac\/@44.8470934,-0.5097804,17z\/data=!3m1!4b1!4m5!3m4!1s0xd5525f527132919:0x4363c6dd5485f62b!8m2!3d44.8470934!4d-0.5075917\" target=\"_blank\" rel=\"noreferrer noopener\">C&#8217;est ici !<\/a>&nbsp;<\/p>\n<p>3 ateliers sont disponibles :<\/p>\n<p><!-- \/wp:paragraph --><!-- wp:paragraph --><\/p>\n<p><u><b>Pour les adultes<\/b><\/u>, un atelier d\u00e9butera un nouveau cycle de cr\u00e9ation \u00e0 partir du mois d&#8217;octobre 2025 qui se d\u00e9roulera sur un rythme hebdomadaire, en dehors des vacances scolaires, tous les mercredis de 20h \u00e0 22h. Cet atelier est anim\u00e9 par Fred Jouveaux, com\u00e9dien et metteur en sc\u00e8ne professionnel au sein du <b>Collectif blOp (interjection)<\/b>.<\/p>\n<p><!-- \/wp:paragraph --><!-- wp:paragraph --><\/p>\n<p><strong><span style=\"text-decoration: underline;\">Premi\u00e8re s\u00e9ance de la saison 2025\/2026 le mercredi 24 septembre 2025 !<\/span><\/strong><\/p>\n<p><\/p>\n<p><!-- \/wp:paragraph --><!-- wp:paragraph --><\/p>\n<div>&nbsp;<\/div>\n<p><u><b>Pour les plus jeunes<\/b><\/u>, 2 ateliers d\u00e9butent \u00e0 partir du dernier jeudi du mois de septembre, et se d\u00e9roulent eux aussi sur un rythme hebdomadaire, en dehors des vacances scolaires. Ces ateliers sont anim\u00e9s par Miren Erbinartegaray, com\u00e9dienne\/metteuse en sc\u00e8ne professionnelle avec <strong>le Collectif Colombes<\/strong>.<br>\u2013 Pour les \u00e9l\u00e8ves de l\u2019\u00e9cole&nbsp;\u00e9l\u00e9mentaire (7-10 ans) : tous les jeudis de 17h \u00e0 18h30,<br>\u2013 Pour les \u00e9l\u00e8ves du&nbsp;coll\u00e8ge (11 ans et plus) : tous les jeudis de 18h30 \u00e0 20h.<\/p>\n<p><!-- \/wp:paragraph --><!-- wp:paragraph --><\/p>\n<p><strong><span style=\"text-decoration: underline;\">Premi\u00e8re s\u00e9ance de la saison 2025\/2026 le jeudi 25 septembre 2025 !<\/span><\/strong><\/p>\n<p><!-- \/wp:paragraph --><!-- wp:paragraph --><\/p>\n<p><\/p>\n<p>Une repr\u00e9sentation se d\u00e9roulera \u00e0 l\u2019Auditorium de l\u2019\u00e9cole de Musique de Floirac, courant juin 2026 dans l&#8217;apr\u00e8s-midi. Chacun des trois groupes y jouera successivement et pr\u00e9sentera le r\u00e9sultat de son travail de cr\u00e9ation lors d&#8217;un spectacle unique. En effet, les 3 ateliers travaillent tout au long de l&#8217;ann\u00e9e, chacun \u00e0 sa fa\u00e7on, sur le m\u00eame th\u00e8me. Ainsi, les trois prestations mises bout \u00e0 bout forment au final un ensemble coh\u00e9rent qui constitue d\u00e8s lors un v\u00e9ritable spectacle. <span style=\"color: var( --e-global-color-text );\">L&#8217;entr\u00e9e des spectateurs est libre dans la limite des places&nbsp;<\/span>disponibles<span style=\"color: var( --e-global-color-text );\">.&nbsp;<\/span><\/p>\n<p><!-- \/wp:paragraph --><!-- wp:paragraph --><\/p>\n<p><span style=\"font-family: Alef; font-size: 16px; color: var( --e-global-color-text );\">En 2025, le spectacle s&#8217;est d\u00e9roul\u00e9 le <u>samedi 6 juillet 2025 \u00e0 15h \u00e0 l&#8217;Auditorium de l&#8217;\u00c9cole de Musique de Floirac<\/u> !<\/span><\/p>\n<p><!-- \/wp:paragraph --><!-- wp:group --><!-- \/wp:group --><!-- wp:paragraph --><\/p>\n<p>Une participation financi\u00e8re correspondant aux co\u00fbts de r\u00e9alisation de ces ateliers est demand\u00e9e aux participants. Cette participation vaut adh\u00e9sion \u00e0 l&#8217;association <em><strong>Cdansnoscordes<\/strong><\/em>. Le montant mensuel de cette participation peut \u00eatre r\u00e9gl\u00e9 en un seul ou en plusieurs versements pour la saison :<\/p>\n<p><!-- \/wp:paragraph --><!-- wp:list --><\/p>\n<ul>\n<li><strong>40,00 \u20ac par&nbsp;mois, d\u2019octobre \u00e0 juin,&nbsp;pour les&nbsp;\u00e9l\u00e8ves de l\u2019\u00e9cole&nbsp;\u00e9l\u00e9mentaire<\/strong>,<\/li>\n<li><strong>40,00 \u20ac par&nbsp;mois, d\u2019octobre \u00e0 juin,&nbsp;pour les&nbsp;\u00e9l\u00e8ves&nbsp;du coll\u00e8ge<\/strong>,<\/li>\n<li><strong>45,00 \u20ac par mois, de janvier \u00e0 d\u00e9cembre, pour les les adultes<\/strong>.<\/li>\n<\/ul>\n<p><!-- \/wp:list --><!-- wp:heading {\"level\":4} --><\/p>\n<h4><img loading=\"lazy\" decoding=\"async\" class=\"alignnone wp-image-1757\" src=\"https:\/\/cdansnoscordes.net\/wp-content\/uploads\/2025\/09\/Verso-flyer-atelier-theatre-CDNC-300x215.png\" alt=\"\" width=\"601\" height=\"430\" srcset=\"https:\/\/cdansnoscordes.net\/wp-content\/uploads\/2025\/09\/Verso-flyer-atelier-theatre-CDNC-300x215.png 300w, https:\/\/cdansnoscordes.net\/wp-content\/uploads\/2025\/09\/Verso-flyer-atelier-theatre-CDNC-768x551.png 768w, https:\/\/cdansnoscordes.net\/wp-content\/uploads\/2025\/09\/Verso-flyer-atelier-theatre-CDNC.png 827w\" sizes=\"(max-width: 601px) 100vw, 601px\" \/><\/h4>\n<h4><strong>Les Modalit\u00e9s de participation :<\/strong><\/h4>\n<p><!-- \/wp:heading --><!-- wp:paragraph --><\/p>\n<p>Les inscriptions se font lors de la premi\u00e8re s\u00e9ance, qui fait office de s\u00e9ance d\u2019essai. Les participants retirent alors une fiche d\u2019inscription qu\u2019ils remettent au metteur en sc\u00e8ne lors de la s\u00e9ance suivante.<\/p>\n<p><!-- \/wp:paragraph --><!-- wp:paragraph --><\/p>\n<p>Par la m\u00eame occasion, ils lui remettent l\u2019ensemble des ch\u00e8ques de r\u00e8glement comptant pour l\u2019ensemble de la saison.&nbsp;Soit 9 ch\u00e8ques pour un r\u00e8glement mensuel, 3 ch\u00e8ques pour un r\u00e8glement trimestriel, ou un unique ch\u00e8que pour l\u2019ensemble de la saison.&nbsp;Les r\u00e8glements en esp\u00e8ce sont accept\u00e9s.<\/p>\n<p><!-- \/wp:paragraph --><!-- wp:paragraph --><\/p>\n<p>Les ch\u00e8ques sont encaiss\u00e9s chaque d\u00e9but de mois, d\u2019octobre \u00e0 juin. Si le participant cesse l\u2019atelier en cours de saison, les ch\u00e8ques restant lui sont alors restitu\u00e9s.<\/p>\n<p><!-- \/wp:paragraph --><!-- wp:paragraph --><\/p>\n<p>\u00c0 partir du deuxi\u00e8me participant dans une m\u00eame famille, une r\u00e9duction de 20% sur le montant de la participation mensuelle est appliqu\u00e9e.<\/p>\n<p><!-- \/wp:paragraph --><!-- wp:paragraph --><\/p>\n<p><a href=\"https:\/\/cdansnoscordes.net\/wp-content\/uploads\/2023\/09\/Fiche-dinscription-atelier-Floirac-20232024.pdf\" target=\"_blank\" rel=\"noopener\">G<\/a><a href=\"https:\/\/cdansnoscordes.net\/wp-content\/uploads\/2025\/09\/Fiche-dinscription-atelier-Floirac-20252026.pdf\">agnez du temps ! La fiche d\u2019inscription pour la saison 2025\/2026 est disponible ici !<\/a><\/p>\n<p><!-- \/wp:paragraph --><!-- wp:paragraph --><\/p>\n<p>N\u2019h\u00e9sitez pas \u00e0 la t\u00e9l\u00e9charger, \u00e0 l\u2019\u00e9diter et \u00e0 nous l\u2019apporter d\u00fbment remplie !<\/p>\n<p><!-- \/wp:paragraph --><!-- wp:paragraph --><\/p>\n<p><span style=\"text-decoration: underline;\">Pour plus d&#8217;informations, contacter Fred Jouveaux :<\/span><\/p>\n<p><!-- \/wp:paragraph --><!-- wp:paragraph --><\/p>\n<p>tel : <strong>06 69 49 44 27<\/strong><\/p>\n<p><!-- \/wp:paragraph --><!-- wp:paragraph --><\/p>\n<p>mail : <strong>contact@cdansnoscordes.net<\/strong><\/p>\t\t\t\t\t\t<\/div>\n\t\t\t\t<\/div>\n\t\t\t\t\t<\/div>\n\t\t<\/div>\n\t\t\t\t\t<\/div>\n\t\t<\/section>\n\t\t\t\t<\/div>\n\t\t","protected":false},"excerpt":{"rendered":"<p>Ateliers th\u00e9\u00e2tre Ateliers musique Atelier th\u00e9\u00e2tre Floirac Des ateliers de cr\u00e9ation th\u00e9\u00e2trale&nbsp;pour tou.te.s \u00e0 l\u2019Auditorium de l\u2019Ecole Municipale de Musique de Floirac : L&#8217;Auditorium de l&#8217;\u00e9cole Municipale de Musique et de Danse de Floirac nous accueille pour la mise en<\/p>\n","protected":false},"author":5,"featured_media":0,"parent":32,"menu_order":0,"comment_status":"closed","ping_status":"closed","template":"","meta":[],"_links":{"self":[{"href":"https:\/\/cdansnoscordes.net\/index.php\/wp-json\/wp\/v2\/pages\/47"}],"collection":[{"href":"https:\/\/cdansnoscordes.net\/index.php\/wp-json\/wp\/v2\/pages"}],"about":[{"href":"https:\/\/cdansnoscordes.net\/index.php\/wp-json\/wp\/v2\/types\/page"}],"author":[{"embeddable":true,"href":"https:\/\/cdansnoscordes.net\/index.php\/wp-json\/wp\/v2\/users\/5"}],"replies":[{"embeddable":true,"href":"https:\/\/cdansnoscordes.net\/index.php\/wp-json\/wp\/v2\/comments?post=47"}],"version-history":[{"count":73,"href":"https:\/\/cdansnoscordes.net\/index.php\/wp-json\/wp\/v2\/pages\/47\/revisions"}],"predecessor-version":[{"id":1767,"href":"https:\/\/cdansnoscordes.net\/index.php\/wp-json\/wp\/v2\/pages\/47\/revisions\/1767"}],"up":[{"embeddable":true,"href":"https:\/\/cdansnoscordes.net\/index.php\/wp-json\/wp\/v2\/pages\/32"}],"wp:attachment":[{"href":"https:\/\/cdansnoscordes.net\/index.php\/wp-json\/wp\/v2\/media?parent=47"}],"curies":[{"name":"wp","href":"https:\/\/api.w.org\/{rel}","templated":true}]}}